e remainder when o is divided by 5?
3
Suppose 4*n + 3 = 7. Let w = n + 15. What is the remainder when 11 is divided by -2*2/(w/(-12))?
2
Let o be (-13)/3 - (-4)/(-6). Let g = 6 - o. What is the remainder when g is divided by -6 - (-11 + -12 + 10)?
4
Suppose 9 = 3*o, -2*p = 3*p + 4*o - 132. Suppose f = 3*l - 45, -4*l + 3*f - 943 + 1003 = 0. Calculate the remainder when p is divided by l.
9
Suppose 3*t + 4*k = 1067, 0 = 18*k - 15*k + 3. Let l = 143 - 98. Calculate the remainder when t is divided by l.
42
Let d = -45 - -63. Suppose 5*l + 4*i = -48, 3*l + 26 = l - 5*i. What is the remainder when d is divided by (-2 - (-2 - 1))/(l/(-56))?
4
Suppose 3*d = 4*v - 638, 429 = 3*v - 3*d - 48. What is the remainder when v is divided by 48?
17
Calculate the remainder when 31 is divided by (13 - 11) + 6/(-9)*-3.
3
Let m = 844 - 818. What is the remainder when 53 is divided by m?
1
Let l be 1 + 0/(-2 + -1). Suppose 0 = -0*n + 2*n - 2. Let t = l + n. Calculate the remainder when 2 is divided by t.
0
Suppose 0*d + 4*d = 4*x + 16, -4*d = 2*x - 16. Suppose 0 = -3*u + 18 - 72. Let z = 21 + u. What is the remainder when d is divided by z?
1
Let v = 372 - -1170. Suppose -3*q = 3*q - v. Let u = q - 166. What is the remainder when u is divided by 31?
29
Suppose 3*s = 3*h + 6, -5*s + 10*s - 3*h = 18. Let m(q) = q**2 + 4 - q**3 - 2*q**2 + 0*q**2. Calculate the remainder when m(-3) is divided by s.
4
Calculate the remainder when 83 is divided by ((1 - 2)*1)/((-6)/168).
27
Suppose 0 = -9*k + 11*k. Suppose k = -4*r - 0 + 8. Calculate the remainder when 9 - (-4)/(4/(-2)) is divided by r.
1
Let q(k) = -18*k**3 + 1. Suppose 4*t - 2 = -n - n, -4*n - 4*t = -4. Let w be q(n). Let h = w + 30. Calculate the remainder when 49 is divided by h.
10
Suppose -n + 1233 - 386 = 5*z, -5*z = -5*n - 865. What is the remainder when z is divided by 26?
14
Suppose 129 = 3*z + 2*c, z - 27 - 8 = 2*c. Let f = 11 + -4. What is the remainder when z is divided by f?
6
Let f(q) = -q**3 + 3*q**2 + 7*q - 18. What is the remainder when f(3) is divided by 1?
0
Suppose -3*x = -0*x. Suppose -5*j + 38 + 22 = x. Suppose 2*i - 5*i = -132. Calculate the remainder when i is divided by j.
8
Suppose -4*m - 51 + 231 = 0. What is the remainder when 195 is divided by m?
15
Let w(n) = 24*n**2 + 18*n + 17. Calculate the remainder when 147 is divided by w(-2).
70
Let f(c) = -c**3 - 2*c + 5. What is the remainder when f(-5) is divided by 6*180/(-255)*17/(-2)?
32
Suppose -4*a - 9 = -21. Suppose -m = 2*o - 2*m + 7, m = -2*o + a. Calculate the remainder when 39 is divided by ((-7)/o)/(5/10).
11
Calculate the remainder when 438 is divided by (-2)/(-12) + (-2639)/(-42).
60
Suppose 2*w = -0*w - 2, 0 = 2*h + 2*w - 104. Suppose -2*a = -r - 26, -2*r = -2 - 2. What is the remainder when h is divided by a?
11
Let x = -20778 - -20845. Suppose -4*c + 4*d + 38 = -c, c = 2*d + 12. What is the remainder when x is divided by c?
11
Let f(d) = -6*d - 14. Let p be f(-4). Suppose p*l - 30 = 5*l. Suppose -3*h = -l*h + 51. What is the remainder when 30 is divided by h?
13
Let w(z) = 20*z - 4. Let y be w(3). Let r be ((-24)/(-14))/(16/y). Suppose -r*x = -x - 15. Calculate the remainder when x is divided by 3.
0
Suppose 8*g - 390 = 7*g. Suppose 2*w - 5*w = k - 58, -5*k + g = -5*w. Calculate the remainder when k is divided by 19.
16
What is the remainder when 176 is divided by (-8)/(24/(-63)) + (-2)/2?
16
Suppose 55*q = 11*q + 2552. Calculate the remainder when 636 is divided by q.
56
Let q = 6 - 4. Suppose -q*x - 9 = -21. Calculate the remainder when 19 is divided by x.
1
Suppose 0*a = -5*w + 3*a - 10, -5*a = 25. Let j(d) = 2*d - 2. Calculate the remainder when (-89)/(-3) + (-1)/15*w is divided by j(5).
6
Suppose 0 = -3*r - t + 131, -22*t + 27*t = -4*r + 182. Calculate the remainder when r is divided by 6.
1
Suppose 5*j - 4*u = -625, 0*j = 4*j + 5*u + 459. Let g = -109 - j. What is the remainder when 30 is divided by g?
6
Suppose 4*h + 2 = j, 3*j - 51 = h + 10. What is the remainder when 149 is divided by j?
17
Suppose 61 = 3*t - 4*a, 56 = 4*t - t - 5*a. Suppose -m + 4*d = 2, 2*d - 16 = 2*m - 3*m. Calculate the remainder when t is divided by m.
7
Let p(w) = -w**3 - 3*w**2 + 6*w + 6. Suppose -18*d = -42*d + 1200. What is the remainder when d is divided by p(-5)?
24
Suppose -4*l = -0*l + 3*h + 22, 3*l + h = -14. Let n(d) = -2*d**3 - d**2 - 5*d - 10. What is the remainder when n(l) is divided by 41?
40
Let i = 860 + -790. What is the remainder when i is divided by 8?
6
Let b(q) = 2*q**2 + 2*q + 9. Let t = -56 - -80. What is the remainder when b(-6) is divided by t?
21
Let h(w) = w**3 + 22*w**2 - 11*w - 37. What is the remainder when h(-22) is divided by 93?
19
Suppose r - 29 = -4*r + 3*g, -3*r - 5*g - 3 = 0. Let n(i) be the second derivative of -i**3/6 + 3*i**2 + 9*i. What is the remainder when 10 is divided by n(r)?
0
Suppose 45*p - 43*p - 464 = 0. What is the remainder when p is divided by 78?
76
Let k(h) = h**2 + h + 67. Let u be k(0). Let g = 105 - u. What is the remainder when g is divided by 10?
8
Suppose m = 3*y + 9, -m + 4*m - 3*y - 15 = 0. Calculate the remainder when 4 is divided by m.
1
Suppose -80 = -5*y + 5*p, 0 = -5*y + 3*p - 5*p + 94. Suppose u - y = 7*u. What is the remainder when (-1 - 0)/(u/6) is divided by 1?
0
Suppose -34*y + 13*y = -798. What is the remainder when 872 is divided by y?
36
Suppose 95*x + 798 = 102*x. Let y(g) = g**3 - 4*g**2 + 2*g - 6. Let j = 7 - 2. What is the remainder when x is divided by y(j)?
27
Let i(g) = 7*g**2 + 10*g - 14. Let n be i(-7). Suppose -x = -h + 53, -5*x = -5*h - 3*x + n. What is the remainder when h is divided by 18?
15
Suppose j = -3*j. Suppose -80 = -4*x - j*x. Let w = 127 - 90. What is the remainder when w is divided by x?
17
Let l(v) = -v**3 - 9*v**2 + 17*v + 11. Calculate the remainder when l(-12) is divided by 32.
15
Suppose -4*s - 2*c = -7*c - 48, s + 3*c = 12. Suppose 16*n - 284 = s*n. What is the remainder when n is divided by 32?
7
Let l be (-3 - 0)/3 + (1 - -2). Suppose -l*j + 4*f = -54, -11 = -j - 2*f + 24. Calculate the remainder when j is divided by 17.
14
Let b(n) = 2*n**2 + 11. Let w be b(-5). Suppose 0 = 2*f + 4*p - 50, 3*f - p - w = -0*p. Calculate the remainder when f is divided by 11.
10
Let f(v) = 2*v**3 - 4*v**2 + v - 5. Suppose -y - 31 = -35. Suppose -a = y*x - 0*x - 129, 5*x - 174 = 3*a. What is the remainder when f(4) is divided by x?
30
Calculate the remainder when 330 is divided by -2 - (134/(-2) - 2).
62
Let a = -1 + 34. What is the remainder when a is divided by -6 - (-90)/(30/6)?
9
Let j = 108 - 122. Calculate the remainder when 160 - (7/j)/((-1)/(-8)) is divided by 11.
10
Let o = 36 - 19. Let a = 126 - 98. What is the remainder when a is divided by o?
11
Suppose 4*y + 68 = 4*o, 7*o - 6*o = -y + 23. Suppose f - 102 = -5*n, -4*n + 6*n - 318 = -4*f. Calculate the remainder when f is divided by o.
17
Let x(c) = 2*c**2 - 3*c. Let m(h) = -h**2 - 5*h + 16. Let b be m(-8). Let p(z) = -z + 9. What is the remainder when p(b) is divided by x(3)?
8
Let r = -14 - -19. Suppose -k = -r*j + 33, 24 = 4*j - 0*k - 2*k. What is the remainder when 18 is divided by j?
4
Suppose 5*n + 5 = 0, -5*n = -2*h - h - 1. Let g be (-1 - h)/((-4)/20). Let y(b) = -13*b - 7. What is the remainder when y(g) is divided by 15?
13
Let o be (6/(-9))/((-4)/(-24)). Let w = 83 + -57. What is the remainder when w is divided by 0 + 15 - o/(-4)?
12
Suppose -5*u + 2*y = -180, -4*u = -2*y + 20 - 162. Let d be (-10)/(-3)*462/55. Let w = -15 + d. Calculate the remainder when u is divided by w.
12
Suppose -4*t - 114 = 2*t. Let j = t + 29. What is the remainder when 26 is divided by j?
6
Let j be 2/(18/(-5) + 4). Suppose -j*w + 8 = -2*r - 23, -2*r - 16 = -2*w. What is the remainder when 73 is divided by (15/(-6))/(r/18)?
13
What is the remainder when 105 is divided by (0 + 56)/((-22)/(-11))?
21
Let d(b) = -b**2 + 26*b + 1136. Calculate the remainder when 764 is divided by d(49).
8
Suppose 0*u = u - 5*c - 15, -4*u - c = -18. Suppose f = u*d - 313, -f = 2*d + f - 130. What is the remainder when d is divided by 33?
30
Let c(m) = m**3 + 22*m**2 + 39*m + 9. Calculate the remainder when c(-19) is divided by 32.
31
Let v(z) = z**3 + 18*z**2 - 22*z - 38. Calculate the remainder when v(-19) is divided by 3.
1
Let j =